ghest common factor of c and n?
6
Let y be ((-6)/(-8))/((-1)/(-120)). Calculate the greatest common factor of 135 and y.
45
Let f = 34 - -72. Suppose -k + 5*s = -72, -5*s - f + 469 = 4*k. Suppose k + 13 = 2*t. What is the highest common divisor of 10 and t?
10
Let a be -7*(120/28 + -5). Let g(v) = -v + 40. Let d be g(0). What is the greatest common factor of a and d?
5
Suppose 3*t + 7 = -5*c + 92, 5*t - 3*c - 187 = 0. Calculate the greatest common divisor of t and 105.
35
Suppose 2*u = 4*u - 190. Let p be 399/7*1/3. Calculate the highest common factor of p and u.
19
Let w(s) = 11*s - 5*s + s + 4*s**2 + 1 - s**3. Let p be w(5). Calculate the highest common factor of p and 121.
11
Let m(z) = 17*z - 21. Let v be m(3). Calculate the highest common divisor of 6 and v.
6
Let o be 3 - -29 - 2/(-2). Suppose 0 = 5*w + 8 - o. Suppose 5*h - 48 = s, 0*s + 3*s - 56 = -w*h. What is the highest common factor of h and 20?
10
Let w(p) = p**3 - 10*p**2 + 7*p - 25. Let r be w(10). Calculate the greatest common divisor of 15 and r.
15
Let z(q) = -2*q**3 - 3*q**2 - q + 3*q**3 + q**2 + 3 - q. Let n be z(3). Calculate the greatest common factor of 66 and n.
6
Let o = 1 + -7. Let w be o/4*336/(-9). Suppose -11 = 3*y - w. Calculate the highest common factor of y and 45.
15
Let i = 3 + 150. Calculate the highest common divisor of i and 17.
17
Let n = -17 - -21. What is the greatest common divisor of n and 1?
1
Let q be (-7 - -4)*(-2)/(-3). Let w(t) = 30*t**2 - 3*t - 1. Let d be w(q). Let s = d - 8. What is the greatest common divisor of 13 and s?
13
Let y(d) = 121*d - 2. Let f be y(1). Calculate the greatest common factor of f and 17.
17
Let s = 31 + -15. Suppose 5*t = 3*t + 4*d + 16, 0 = 2*t + 5*d - s. Suppose 28 = 4*x - 52. Calculate the highest common factor of t and x.
4
Suppose -5*p + 2*s - 54 = 0, -5*p + 3*s - 15 = 36. Let r be ((-102)/p)/(3/6). Calculate the highest common factor of 119 and r.
17
Let r = 5 - 9. Let w(y) = y**3 + 6*y**2 + 5*y + 6. Let f be w(r). What is the highest common factor of 45 and f?
9
Let v(o) = 1 - 2 + 1 + 4 - 11*o. Let k be v(-6). Calculate the greatest common factor of k and 10.
10
Let d = 10 + -9. What is the greatest common factor of 11 and d?
1
Suppose 3*c = d - 13, -3*c = -4*d + 1 - 3. Let i be 4/(-5)*45/c. Suppose -3*y + 8*y - 210 = 0. Calculate the greatest common divisor of y and i.
6
Let w = 15 + -32. Let c = -9 - w. What is the greatest common divisor of 20 and c?
4
Let l(s) = 2*s**2 - 7*s - 5. Let y be l(6). Suppose -q = -2*w + 65, -4*q - y = q. What is the greatest common factor of w and 5?
5
Let x be (-2)/10 + (-363)/(-15). What is the highest common factor of x and 3?
3
Let w be 1 - (-222)/5 - 2/5. Calculate the greatest common divisor of 90 and w.
45
Let j(l) = 6*l + 14. Let o(z) = z + 1. Let b(u) = -j(u) + 5*o(u). Let k be b(-8). Let q be k/(4/(-10))*2. Calculate the highest common factor of 40 and q.
5
Let s(v) = 10*v**2 + v. Let i be s(-1). What is the greatest common divisor of 3 and i?
3
Let s be 5/(-2)*(1 - 3). Suppose 0 = j + 5, -s*j - 1 = 4*r - 0. Suppose -5*z = -96 - 54. What is the greatest common factor of z and r?
6
Let w(x) = -17*x - 1. Let u be w(-2). Suppose -52 = -5*j + s, 0*j - 2*j - 5*s + 37 = 0. Calculate the highest common factor of u and j.
11
Suppose -68 - 22 = -5*t. Let h(r) = r**2 + 2*r + 6. Let d be h(-8). What is the greatest common divisor of t and d?
18
Let m be (-3 + 1 - -133) + 1. Suppose -5*o + 224 = l, 2*l - m = -3*o - l. What is the highest common divisor of o and 5?
5
Suppose 4*y = 2*z - z - 7, 3*z + 2*y - 49 = 0. Let r = 8 + -5. Calculate the greatest common divisor of z and r.
3
Let a(r) = -r**2 + 18*r - 9. Let c be a(13). What is the highest common factor of 14 and c?
14
Let h be 3/3 + 1 + -2. Suppose h = -5*d + 5*w - 280, 0*w + 4*w = -16. Let a be (0 - 7)/(3/d). Calculate the greatest common divisor of a and 14.
14
Let f be -2*(-25)/(-2)*-3. Let c be (2 - -16)*(-25)/10. Let q = 75 + c. What is the highest common factor of q and f?
15
Let a(j) = 12*j + 45. Let s be a(9). What is the highest common factor of s and 17?
17
Let m(v) = 4*v - 58. Let y be m(16). What is the highest common divisor of y and 15?
3
Let y(k) = -45*k. Let q be y(-1). Suppose 2*i + q = 5*i. Calculate the highest common divisor of 105 and i.
15
Suppose g + 3*z + 13 = 0, 4*z - 1 = -13. Let w be (0 + -1)/(3 + g). Calculate the highest common divisor of w and 4.
1
Let h be 6 + -11 + 6 - 9/(-1). What is the highest common factor of 40 and h?
10
Let b be (32/24)/(2/147). What is the greatest common factor of b and 14?
14
Let s(x) = -4*x**2 + 5*x**2 + 3 + 0 - 10*x. Let k be s(7). Let u = 38 + k. Calculate the highest common factor of u and 80.
20
Let i(h) = h**3 - 7*h**2 - h + 6. Let n be i(7). Let w be (-3 + (-30 - n))/(-2). What is the greatest common factor of 32 and w?
16
Suppose -2*k + 16 = -j, 3*j - 3*k = 5*j + 4. Let w(o) = o**2 + 5*o - 11. Let y be w(j). Let i = 1 + y. Calculate the highest common factor of 28 and i.
14
Let j(b) = 3*b + 3. Let u be j(-3). Let d be ((-4)/u)/((-6)/(-99)). Calculate the highest common divisor of d and 11.
11
Suppose 3*i = 5*o + 144, -2*i + o - 48 = -144. Calculate the greatest common factor of i and 120.
24
Let t(w) = 23*w**2. Let q be t(3). Let a = 175 - 152. Calculate the greatest common factor of q and a.
23
Suppose 0 = -3*d + 4*a + 17, 4*d - d = 3*a + 18. Let f = 6 - 3. Suppose f*p - 12 = 9. What is the greatest common factor of p and d?
7
Suppose -2*s + 8 = -0. Let m be ((-2)/5)/(1/(-10)). What is the highest common divisor of s and m?
4
Let z = 27 + 12. Suppose 0 = 3*d, -4*d = -t + d - 9. Let n be 4/(-3) - 129/t. Calculate the highest common factor of z and n.
13
Let i be (75 - 1)/2 + -2. What is the highest common divisor of i and 5?
5
Suppose 5*b - 355 = -5*i + i, 0 = i - 4*b - 115. Calculate the greatest common factor of 19 and i.
19
Suppose 264 = 3*w + z, w - 3*z = -6*z + 88. What is the greatest common factor of 11 and w?
11
Let d be 24/36*(-39)/(-2). What is the greatest common factor of d and 13?
13
Suppose f + 30 = 2*f. Suppose 2 = -2*q + 3*v + 11, q + 5*v + 2 = 0. Suppose 5*l - 53 = -k, l - 4 = 3*k - q. Calculate the highest common divisor of f and l.
10
Suppose -3*t = 4*s - 8*t - 28, 14 = 2*s + 4*t. Suppose -362 = -4*w + j, 2*w + 460 = s*w - 5*j. What is the greatest common divisor of w and 36?
18
Suppose -90 = -2*j - 4*v, -2*j = -4*v - 46 - 76. Let z = 10 + j. Calculate the highest common factor of 7 and z.
7
Suppose 4*r + 34 = 2*r. Let k be (-1 - -2 - r) + 2. What is the greatest common factor of 2 and k?
2
Suppose 3*y - 42 = 3*t, -2*y = 2*t - 17 - 3. What is the highest common factor of 156 and y?
12
Let g = 114 - 79. Calculate the greatest common divisor of g and 14.
7
Let b(p) = p - 1. Let t be b(1). Suppose -4*g + t*g = -8. Let z = 10 + g. Calculate the highest common divisor of z and 132.
12
Suppose -f + 9 = 5*h - 0, -3*f - 4*h + 60 = 0. Calculate the highest common factor of 12 and f.
12
Let w(x) = x**2 + 9*x + 5. Let c be w(-9). Suppose -2*m = -5*l - 9 - 277, -c*l - 20 = 0. What is the greatest common divisor of 19 and m?
19
Suppose -2*a + 6*a = 68. Let y be (-2)/a - 2646/(-238). What is the highest common divisor of y and 99?
11
Let b(h) = -h**3 + h**2 + h + 2. Let z(k) = -k**3 + 8*k**2 - 7*k - 2. Let o be z(7). Let t be b(o). Calculate the greatest common divisor of t and 48.
12
Suppose 0 = -5*i + 286 + 104. What is the highest common divisor of i and 52?
26
Suppose -m - 274 = -u, 0 = -4*u + 2*m + 3*m + 1092. Let r be 4/10 + u/5. What is the highest common factor of 14 and r?
14
Suppose -16 = -p + 6. What is the greatest common divisor of 44 and p?
22
Suppose 4*h + 80 = 2*d, -3*d + 4*h = -0*h - 110. Calculate the greatest common divisor of 20 and d.
10
Suppose 302 = 3*f + 2*f + u, -f = 2*u - 64. Let p = 76 + -52. What is the greatest common factor of p and f?
12
Suppose 61 = 2*d - 4*c - 1, -46 = -d + 5*c. What is the highest common divisor of 3 and d?
3
Let p be -3*(-4)/6 + 3. Suppose 0*z - 30 = -p*z. Suppose 0 = f - z*f + 120. Calculate the greatest common divisor of f and 8.
8
Suppose 8*u = 12*u - 572. Calculate the highest common factor of u and 11.
11
Let q be (2 + 89)*(1 + 0). Calculate the highest common factor of 13 and q.
13
Let g(i) = i**2 + 